emainder when 32757 is divided by 35?
32
Calculate the remainder when 458 is divided by 58.
52
Calculate the remainder when 692 is divided by 87.
83
What is the remainder when 66 is divided by 22?
0
Calculate the remainder when 220 is divided by 46.
36
What is the remainder when 1592 is divided by 792?
8
Calculate the remainder when 513 is divided by 6.
3
Calculate the remainder when 95 is divided by 32.
31
Calculate the remainder when 203 is divided by 69.
65
Calculate the remainder when 923 is divided by 12.
11
What is the remainder when 1769 is divided by 109?
25
Calculate the remainder when 138 is divided by 24.
18
Calculate the remainder when 481 is divided by 23.
21
What is the remainder when 1924 is divided by 129?
118
What is the remainder when 8158 is divided by 48?
46
Calculate the remainder when 374 is divided by 90.
14
Calculate the remainder when 4135 is divided by 47.
46
What is the remainder when 955 is divided by 96?
91
Calculate the remainder when 118 is divided by 84.
34
What is the remainder when 322 is divided by 35?
7
Calculate the remainder when 252 is divided by 93.
66
What is the remainder when 193 is divided by 6?
1
Calculate the remainder when 3964 is divided by 189.
184
What is the remainder when 154 is divided by 66?
22
What is the remainder when 126 is divided by 44?
38
Calculate the remainder when 6060 is divided by 43.
40
What is the remainder when 2203 is divided by 463?
351
Calculate the remainder when 390 is divided by 57.
48
Calculate the remainder when 211 is divided by 102.
7
What is the remainder when 65306 is divided by 116?
114
Calculate the remainder when 131 is divided by 20.
11
What is the remainder when 1999 is divided by 143?
140
What is the remainder when 191 is divided by 24?
23
What is the remainder when 368 is divided by 5?
3
What is the remainder when 196 is divided by 42?
28
What is the remainder when 2237 is divided by 83?
79
What is the remainder when 117 is divided by 24?
21
Calculate the remainder when 173 is divided by 132.
41
What is the remainder when 40 is divided by 23?
17
What is the remainder when 11 is divided by 8?
3
What is the remainder when 11770 is divided by 149?
148
Calculate the remainder when 1925 is divided by 84.
77
Calculate the remainder when 912 is divided by 304.
0
Calculate the remainder when 506 is divided by 219.
68
What is the remainder when 349 is divided by 25?
24
What is the remainder when 317 is divided by 149?
19
Calculate the remainder when 84 is divided by 23.
15
Calculate the remainder when 6449 is divided by 27.
23
Calculate the remainder when 8433 is divided by 143.
139
Calculate the remainder when 573 is divided by 36.
33
Calculate the remainder when 133 is divided by 76.
57
Calculate the remainder when 77 is divided by 4.
1
Calculate the remainder when 541 is divided by 19.
9
What is the remainder when 4944 is divided by 16?
0
What is the remainder when 605 is divided by 32?
29
Calculate the remainder when 67 is divided by 23.
21
What is the remainder when 66 is divided by 31?
4
Calculate the remainder when 1033 is divided by 126.
25
Calculate the remainder when 277 is divided by 143.
134
What is the remainder when 159 is divided by 14?
5
What is the remainder when 213 is divided by 8?
5
Calculate the remainder when 35 is divided by 6.
5
What is the remainder when 1224 is divided by 25?
24
What is the remainder when 735 is divided by 8?
7
Calculate the remainder when 391 is divided by 358.
33
Calculate the remainder when 64 is divided by 33.
31
Calculate the remainder when 5021 is divided by 62.
61
What is the remainder when 174 is divided by 19?
3
What is the remainder when 225 is divided by 36?
9
Calculate the remainder when 217 is divided by 20.
17
What is the remainder when 2487 is divided by 83?
80
Calculate the remainder when 3659 is divided by 305.
304
Calculate the remainder when 382 is divided by 137.
108
Calculate the remainder when 73 is divided by 69.
4
What is the remainder when 434 is divided by 59?
21
What is the remainder when 85 is divided by 11?
8
What is the remainder when 543 is divided by 8?
7
What is the remainder when 383 is divided by 44?
31
What is the remainder when 41 is divided by 16?
9
What is the remainder when 376 is divided by 188?
0
What is the remainder when 681 is divided by 39?
18
What is the remainder when 231 is divided by 36?
15
What is the remainder when 364 is divided by 47?
35
Calculate the remainder when 479 is divided by 30.
29
What is the remainder when 1998 is divided by 997?
4
Calculate the remainder when 105 is divided by 24.
9
Calculate the remainder when 219 is divided by 23.
12
Calculate the remainder when 1324 is divided by 26.
24
What is the remainder when 328 is divided by 57?
43
Calculate the remainder when 623 is divided by 8.
7
What is the remainder when 31348 is divided by 19?
17
Calculate the remainder when 927 is divided by 32.
31
Calculate the remainder when 211 is divided by 4.
3
Calculate the remainder when 220 is divided by 16.
12
Calculate the remainder when 204 is divided by 191.
13
Calculate the remainder when 1407 is divided by 176.
175
Calculate the remainder when 26530 is divided by 268.
266
Calculate the remainder when 788 is divided by 57.
47
Calculate the remainder when 3495 is divided by 19.
18
What is the remainder when 1260 is divided by 46?
18
What is the remainder when 4539 is divided by 20?
19
What is the remainder when 5353 is divided by 255?
253
What is the remainder when 604 is divided by 570?
34
What is the remainder when 89 is divided by 12?
5
What is the remainder when 3794 is divided by 73?
71
What is the remainder when 6128 is divided by 256?
240
What is the remainder when 38979 is divided by 146?
143
What is the remainder when 158 is divided by 80?
78
What is the remainder when 133 is divided by 45?
43
What is the remainder when 282 is divided by 273?
9
What is the remainder when 2234 is divided by 2222?
12
What is the remainder when 7122 is divided by 137?
135
Calculate the remainder when 3722 is divided by 34.
16
Calculate the remainder when 167 is divided by 8.
7
What is the remainder when 252 is divided by 125?
2
Calculate the remainder when 322 is divided by 162.
160
Calculate the remainder when 460 is divided by 120.
100
Calculate the remainder when 64 is divided by 2.
0
What is the remainder when 158 is divided by 56?
46
What is the remainder when 1182 is divided by 295?
2
What is the remainder when 1736 is divided by 135?
116
What is the remainder when 413 is divided by 13?
10
Calculate the remainder when 659 is divided by 20.
19
What is the remainder when 1334 is divided by 109?
26
Calculate the remainder when 279 is divided by 90.
9
Calculate the remainder when 269 is divided by 90.
89
What is the remainder when 43 is divided by 22?
21
What is the remainder when 775 is divided by 13?
8
Calculate the remainder when 378 is divided by 112.
42
What is the remainder when 34271 is divided by 18?
17
Calculate the remainder when 351 is divided by 86.
7
What is the remainder when 111 is divided by 29?
24
Calculate the remainder when 508 is divided by 40.
28
What is the remainder when 75 is divided by 7?
5
Calculate the remainder when 8039 is divided by 120.
119
Calculate the remainder when 542 is divided by 78.
74
What is the remainder when 2897 is divided by 25?
22
What is the remainder when 226 is divided by 26?
18
Calculate the remainder when 140 is divided by 34.
4
Calculate the remainder when 164 is divided by 39.
8
What is the remainder when 4849 is divided by 97?
96
What is the remainder when 6497 is divided by 97?
95
Calculate the remainder when 112 is divided by 39.
34
Calculate the remainder when 5317 is divided by 44.
37
What is the remainder when 517 is divided by 73?
6
Calculate the remainder when 123 is divided by 13.
6
What is the remainder when 144 is divided by 63?
18
Calculate the remainder when 77 is divided by 55.
22
Calculate the remainder when 700 is divided by 25.
0
What is the remainder when 705 is divided by 7?
5
Calculate the remainder when 1579 is divided by 4.
3
What is the remainder when 571 is divided by 167?
70
Calculate the remainder when 151 is divided by 41.
28
What is the remainder when 3534 is divided by 52?
50
What is the 